e 0 = -s - 5*x - 16, -2*s + 11 = q*s + 5*x. What is the units digit of s?
9
Suppose 3*t - 1372 = -5*p, -t + 212 + 336 = 2*p. What is the tens digit of p?
7
Suppose 2*h = o + 4*o + 66, -107 = -5*h - 2*o. What is the tens digit of h?
2
What is the hundreds digit of (-680)/(-3) + -5*(-8)/30?
2
Let v(s) = s**3 + 6 + 8*s + 0 + 3 + 9*s**2. Suppose 2*j = j - 8. What is the units digit of v(j)?
9
Let p(l) be the second derivative of -l**5/20 - l**4/12 + l**3/2 - 3*l**2/2 + 3*l. What is the units digit of p(-3)?
6
Let a(x) = -2*x**3 - 2. What is the tens digit of a(-2)?
1
Let a(o) = 17*o**3 + 2*o**2 - o. Let k = -7 + 8. What is the units digit of a(k)?
8
Let f(h) = 2*h**2 + 2*h + 1. Let i be f(-3). Let u = i - 10. Let j = u - -2. What is the units digit of j?
5
Let r be (-4 - (-10)/3)*63. Let t = r - -63. What is the units digit of t?
1
Let l = 15 + 5. What is the tens digit of l?
2
Suppose 2*i - 2*u = u + 150, 5*i + 5*u - 375 = 0. Suppose 5*d + 6*k = 3*k + i, -3*k = 0. What is the units digit of d?
5
Suppose 0 = -8*k + 5*k. What is the tens digit of 12 + (3 - k/2)?
1
Let p(t) = 9*t + 54. What is the hundreds digit of p(11)?
1
Suppose 0*l = -5*l - 4*j + 35, 3*j = -l + 18. What is the units digit of (4/10)/(l/15)?
2
Suppose -9*f + 2835 = -2*f. What is the tens digit of f?
0
Let w be 12/8*4/(-3). Let h be 1 - -2 - (13 + w). What is the units digit of 6/10 + h/(-20)?
1
Suppose -4*m = -3*m - 12. What is the tens digit of m?
1
Let b(d) = d**3 - 7*d**2 - 8*d + 8. Suppose 2*w = 4*w + 6, 0 = c - 3*w - 17. What is the units digit of b(c)?
8
Let u = 50 - -4. Suppose -4*g + 8*g = 5*k - 92, 3*k - 3*g - u = 0. What is the units digit of k?
0
Let r be 6/2*2/6. Suppose 4*l - l + 17 = h, 2*h = -l - r. Suppose 0*c = p - h*c - 1, 0 = -p - 2*c + 13. What is the units digit of p?
7
Let o = 3 - -7. Let v(l) be the first derivative of -l**4/4 + 10*l**3/3 + l**2/2 - 2. What is the tens digit of v(o)?
1
Let a = 905 - 543. What is the hundreds digit of a?
3
Let i(u) = u**3 - 8*u**2 + 2*u + 3. Suppose -3*t - 5*k + 49 = 0, t + k + 3*k - 28 = 0. What is the units digit of i(t)?
9
Suppose 5*p + 3*a = -26, -3 = 2*p + 4*a - 1. Let y = p - -18. What is the units digit of y?
1
Let l(i) = -i + 14. Let x(u) = u**3 - 18*u**2 + 7*u - 16. Let o(z) = z**2 + z + 1. Let k(r) = 6*o(r) + x(r). Let y be k(11). What is the units digit of l(y)?
2
Suppose 0 = -9*d + 4*d - 15. Let s be 12/(-27)*d*3. Suppose s*w - 1 = 3. What is the units digit of w?
1
Let o(f) = 5*f + 8. Let c(p) = -14*p - 23. Let b(r) = -4*c(r) - 11*o(r). What is the units digit of b(-3)?
1
Suppose -2*z - l - 2 = -z, -z + 23 = -4*l. Suppose z = h + x - 0, 13 = 3*h + 5*x. What is the units digit of (h/(-3))/((-4)/72)?
6
Let i be (-50)/(-3) + 2/6. Suppose 3*u - 6 + 19 = 4*a, -2*u - a = 27. Let f = i + u. What is the units digit of f?
6
Suppose -2*q + 53 = -9. Let h = q - 6. What is the tens digit of h?
2
Suppose -2*g + 0 = -6. What is the tens digit of (-94)/(-8) + g/12?
1
Suppose -43 = -3*p - 3*x + 263, -4*x - 285 = -3*p. Suppose -57 - p = -4*b. What is the tens digit of b?
3
Suppose 0 = -x - 4*f + 19, -2 = x - f - 1. Suppose -x*p - 1 = 5. Let h(q) = -3*q**3 - 3*q**2 - q + 1. What is the tens digit of h(p)?
1
Let q = -98 + 306. What is the units digit of q?
8
Let y(j) = -j**2 + 3*j - 11. Let x be y(6). Let d = 71 + x. What is the units digit of d?
2
Let o be ((-9)/(-3))/((-6)/(-4)). Let n be -55*1*o/(-5). Suppose -6*s + 3*y = -s - 90, 2*s = 4*y + n. What is the tens digit of s?
2
Let n(z) = -76*z**3 - z**2 + 1. Let s be n(-2). Let t be 2/(-7) - s/(-35). Suppose 4*l + 4*f - t = f, -5*l = 5*f - 20. What is the units digit of l?
5
Suppose -1 = -x + 2*x. Let v be 10*3*-2*x. Suppose 2*u = 5*g - v, -55 = -3*g - 2*u + 7*u. What is the units digit of g?
0
Let f(h) = h**2 + 2*h + 2. Let u be f(-2). Suppose -4*v - 5*g = -2*g - 2, -8 = -u*v + 2*g. What is the units digit of v?
2
Suppose -i - 3*i + 56 = 0. Suppose -3*n - 2*l + 22 = 0, -2*n + i = -0*n + 2*l. Suppose t - n = 1. What is the units digit of t?
9
Suppose -5*c + 5*j + 150 = 0, -3*j = -2*c - 4*j + 54. Let d = -27 + c. What is the units digit of d?
1
Suppose 0 = 4*f - 178 - 158. Let b = f + -60. What is the tens digit of b?
2
Suppose 2*a - 10 - 26 = 0. What is the tens digit of (10/(-6))/((-3)/a)?
1
Let s(t) = -t**2 - 11*t + 3. Let u be s(-10). Let n = -7 - -12. Suppose w - u = 5*q, 4*w - q = 3*w + n. What is the units digit of w?
3
Let v(q) = -102*q**3 - q**2 + q. What is the units digit of v(-1)?
0
Let t = 216 + -75. What is the units digit of t?
1
Let w(z) = z**3 + 31*z**2 - 42*z - 32. What is the units digit of w(-32)?
8
Let j(d) = -2*d + 4. Let w be j(8). Let y = 26 - w. Suppose -7*c = 3*x - 2*c - y, -2*c = 3*x - 26. What is the units digit of x?
6
Let r = 0 - -18. What is the units digit of r?
8
Let f(s) = -40*s + 2. What is the units digit of f(-1)?
2
Suppose 5*p + 0*p - 180 = 0. What is the units digit of p?
6
Let m = 65 - 12. What is the units digit of m?
3
Let b(x) = 63*x + 2. What is the units digit of b(1)?
5
Let z = 140 + -89. What is the units digit of z?
1
Let y be (72/(-4) - -1)*-1. Let l = y + 1. What is the tens digit of l?
1
Suppose 2*m = -p + 57, 5*m - 4*m - 60 = -p. What is the tens digit of p?
6
Let r = 305 - 130. What is the hundreds digit of r?
1
Suppose 17*g = 12*g + 225. What is the units digit of g?
5
Let r(o) = 2*o. Let u be r(1). What is the units digit of (-47)/(-7) - u/(-7)?
7
Let y(w) = 4*w + 55. What is the tens digit of y(-10)?
1
Suppose 18*f = 21*f - 66. What is the units digit of f?
2
Suppose 2*d + 4 + 2 = -5*f, 4*f - 5*d - 15 = 0. Suppose f*b + b - 10 = 0. What is the units digit of b?
0
Suppose -4 = j + g - 46, -2*j = 5*g - 96. What is the units digit of j?
8
Suppose 5 = 3*i - c - 0, -2*c + 20 = 4*i. Suppose -4*o = -i*d - 8, 4*o = 2*d - 4 + 12. What is the units digit of (-5)/o*(2 + -6)?
0
Let f(k) = -3*k**2 + 6*k - 7. Let g(w) = -4*w**2 + 6*w - 8. Let p(v) = -5*f(v) + 4*g(v). What is the units digit of p(-5)?
8
Let d(f) be the third derivative of f**4/24 + f**3 + 2*f**2. Let i(h) = -h**2 - 10*h - 13. Let z be i(-9). What is the units digit of d(z)?
2
Let r be (-3)/(-2)*(-4)/(-3). Let z = r + -1. What is the units digit of z?
1
Let v(n) = n**3 + 9*n**2 + 11*n - 3. Let s be v(-8). Let m = -13 - s. What is the units digit of 10/(-35) - (-60)/m?
4
Let m be 4/(-4)*(-1 + 10). Let t = 24 + m. What is the units digit of t?
5
Let a = -5 - -2. Let d = a - -8. Let u = d + -1. What is the units digit of u?
4
Let h be ((-2)/(-2))/(3/66). Suppose 0 = -5*r + 5, -p = 4*r - 14 - h. What is the tens digit of p?
3
Suppose -k + 3*j + 1 = 3*k, 0 = 2*k + j - 13. Suppose -4*m + 24 = -k*v, 3*m = -0*m - 5*v + 42. What is the units digit of m?
9
Let a be ((-54)/(-2))/((-3)/(-2)). Let n be (-1)/5 + (-4)/(-20). Suppose o + 0*o - 4*k - a = n, 5*k = -10. What is the tens digit of o?
1
Let d(q) = 2*q**2 - 2*q - 2. Let u be d(2). Suppose -u*h + 2 = -16. What is the units digit of h?
9
Suppose 5*n - 7 = -w + 170, -3*n = -w - 103. What is the units digit of n?
5
Suppose -3 - 7 = -5*m. Let s be (-5)/((-20)/6)*m. Suppose 3*a - 11 = -4*x, -4*a = -s*x + 3 - 1. What is the units digit of x?
2
What is the tens digit of (-129)/(-9) - ((-4)/(-12) - 1)?
1
Let a(v) = 15 - v - v**2 - 11*v**3 - 15 + v**3. Suppose u + u + 2 = 0. What is the tens digit of a(u)?
1
Let j(s) = 3*s - 22. What is the units digit of j(10)?
8
Let p(l) = 9*l**2 + 2*l + 1. Let i(y) = -y + 4. Let s be i(5). Let u be p(s). Let j = -5 + u. What is the units digit of j?
3
Suppose -m - 5 = -1. Let b = m - -16. What is the tens digit of b?
1
Suppose 10*b - 4*b = 840. What is the hundreds digit of b?
1
Suppose 0*c = -3*c + 225. What is the tens digit of c?
7
Let d be (0 + 0)/((-3)/(-3)). Suppose d*p - 48 = -3*p. What is the tens digit of p?
1
Let a = -237 - -354. Suppose 0 = 3*g - 0*g - a. What is the units digit of g?
9
Suppose 3*c - c = 0. Suppose c = -0*m - m + 8. What is the units digit of m?
8
Suppose n - 12 = 33. What is the tens digit of n?
4
Suppose 17 = -4*c + 3*c. Let w(g) = -g + 11. What is the tens digit of w(c)?
2
Let s(f) be the second derivative of -2*f**3/3 - f**2/2 - f. Let g be s(-1). What is the units digit of 1 + 2 - (4 - g)?
2
Let s(n) = -n - 4. Let f be s(-4). Suppose f*y = -3*y - t + 10, 0 = y - 5*t 